{"id":319,"date":"2013-11-01T09:19:39","date_gmt":"2013-11-01T08:19:39","guid":{"rendered":"http:\/\/janrehak.gur.sk\/?page_id=319"},"modified":"2013-11-29T19:02:19","modified_gmt":"2013-11-29T18:02:19","slug":"doplnky","status":"publish","type":"page","link":"https:\/\/regiontzb.sk\/?page_id=319","title":{"rendered":"Doplnky"},"content":{"rendered":"<div   data-size='entry_with_sidebar'  data-lightbox_size='large'  data-animation='slide'  data-conditional_play=''  data-ids='582'  data-video_counter='0'  data-autoplay='false'  data-bg_slider='false'  data-slide_height=''  data-handle='av_slideshow'  data-interval='5'  data-class=' avia-builder-el-0  el_before_av_textblock  avia-builder-el-first  '  data-el_id=''  data-css_id=''  data-scroll_down=''  data-control_layout=''  data-custom_markup=''  data-perma_caption=''  data-autoplay_stopper=''  data-image_attachment=''  data-min_height='0px'  data-lazy_loading='disabled'  data-default-height='37.9881656805'  class='avia-slideshow avia-slideshow-1  av-default-height-applied avia-slideshow-entry_with_sidebar av_slideshow  avia-builder-el-0  el_before_av_textblock  avia-builder-el-first   avia-slide-slider '  itemprop=\"image\" itemscope=\"itemscope\" itemtype=\"https:\/\/schema.org\/ImageObject\" ><ul class='avia-slideshow-inner ' style='padding-bottom: 38.0281690141%;' ><li  class=' av-single-slide slide-1 ' ><div data-rel='slideshow-1' class='avia-slide-wrap '   ><img class=\"wp-image-582 avia-img-lazy-loading-not-582\"  src='https:\/\/regiontzb.sk\/wp-content\/uploads\/2013\/11\/plastove_okna_doplnky_1191_1030x360-710x270.jpg' width='710' height='270' title='Doplnky' alt=''  itemprop=\"thumbnailUrl\"   \/><\/div><\/li><\/ul><\/div>\n<section class=\"av_textblock_section \"  itemscope=\"itemscope\" itemtype=\"https:\/\/schema.org\/CreativeWork\" ><div class='avia_textblock  '   itemprop=\"text\" ><p style=\"text-align: justify;\"><span style=\"color: #000000;\">Firma REGION TZB spol.s r.o. zabezpe\u010duje komplexn\u00fa dod\u00e1vku doplnkov. Servis okien a\u00a0dver\u00ed, predaj,\u00a0mont\u00e1\u017e popr\u00edpade servis: siet\u00ed proti hmyzu, \u017eal\u00fazi\u00ed, exteri\u00e9rov\u00fdch parapetov, interi\u00e9rov\u00fdch parapetov, samozatv\u00e1ra\u010dov at\u010f&#8230;<\/span><\/p>\n<\/div><\/section>\n<div class=\"flex_column av_one_half  flex_column_div first  avia-builder-el-2  el_after_av_textblock  el_before_av_one_half  column-top-margin\" ><section class=\"av_textblock_section \"  itemscope=\"itemscope\" itemtype=\"https:\/\/schema.org\/CreativeWork\" ><div class='avia_textblock  '   itemprop=\"text\" ><p style=\"text-align: justify;\"><span style=\"color: #000000;\"><strong>Siete proti hmyzu<\/strong> s\u00fa v\u010fa\u010dn\u00fdm doplnkom v boji proti hmyzu. Pou\u017e\u00edvame siete vyroben\u00e9 z extrudovan\u00fdch hlin\u00edkov\u00fdch profilov s falcom \/l\u00edmcom\/, \u017eivotnos\u0165 sie\u0165oviny je\u00a015 rokov. S\u00fa elegantne zapusten\u00e9, pri\u010dom falc zabezpe\u010duje dokonal\u00e9 prekrytie okenn\u00e9ho r\u00e1mu a \u0161ponovacia guma je umiestnen\u00e1 z interi\u00e9ru, \u010d\u00edm je chr\u00e1nen\u00e1 pred UV \u017eiaren\u00edm. Sie\u0165 sa upev\u0148uje oto\u010dn\u00fdmi obrtl\u00edkmi, ktor\u00e9 s\u00fa nanitovan\u00e9 na jej r\u00e1me.<\/span><span style=\"color: #000000;\"><br \/>\n<\/span><\/p>\n<\/div><\/section><\/div><div class=\"flex_column av_one_half  flex_column_div   avia-builder-el-4  el_after_av_one_half  el_before_av_one_half  column-top-margin\" ><section class=\"av_textblock_section \"  itemscope=\"itemscope\" itemtype=\"https:\/\/schema.org\/CreativeWork\" ><div class='avia_textblock  '   itemprop=\"text\" ><p style=\"text-align: justify;\"><span style=\"color: #000000;\"><strong>\u017dal\u00fazie<\/strong> m\u00f4\u017eu by\u0165 s\u00fa\u010das\u0165ou dod\u00e1vky<span style=\"color: #000000;\">\u00a0plastov\u00fdch okien<\/span>\u00a0alebo je mo\u017en\u00e9 objedna\u0165 si ich samostatne s dodato\u010dnou mont\u00e1\u017eou. R\u00f4zne n\u00e1zvy Horizont\u00e1lnych \u017eal\u00fazi\u00ed ako Isso Desing, Isso, a pod. v podstate ozna\u010duj\u00fa \u00a0\u017eal\u00fazie ur\u010den\u00e9 pre plastov\u00e9 okn\u00e1. Maj\u00fa elegantn\u00fd a nevtierav\u00fd vzh\u013ead, s\u00fa zapusten\u00e9 do h\u013abky zasklievac\u00edch l\u00ed\u0161t, tak\u017ee v\u00fdrazne nenar\u00fa\u0161aj\u00fa estetick\u00fa hodnotu okna.<\/span><\/p>\n<\/div><\/section><\/div><div class=\"flex_column av_one_half  flex_column_div first  avia-builder-el-6  el_after_av_one_half  el_before_av_one_half  column-top-margin\" ><section class=\"av_textblock_section \"  itemscope=\"itemscope\" itemtype=\"https:\/\/schema.org\/CreativeWork\" ><div class='avia_textblock  '   itemprop=\"text\" ><p style=\"text-align: justify;\"><span style=\"color: #000000;\"><strong>Vonkaj\u0161ie parapety<\/strong> \u0161tandardne pon\u00fakame\u00a0z extrudovan\u00e9ho hlin\u00edkov\u00e9ho plechu o hr\u00fabke 1 mm s\u00a0bielou, bronzovou alebo tmavo hnedou povrchovou \u00fapravou s univerz\u00e1lnymi plastov\u00fdmi dilata\u010dn\u00fdmi koncovkami. Pre finan\u010dne n\u00e1ro\u010dnej\u0161ie projekty, \u010di stavby s\u00a0vy\u0161\u0161\u00edm \u00a0za\u0165a\u017een\u00edm vonkaj\u0161\u00edch parapetov je v ponuke tie\u017e 2mm\u00a0 oh\u00fdban\u00fd hlin\u00edkov\u00fd plech.\u00a0V ponuke s\u00fa tie\u017e r\u00f4zne typy hlin\u00edkov\u00fdch spojok.<\/span><span style=\"color: #000000;\">\u00a0<\/span><\/p>\n<\/div><\/section><\/div><\/p>\n<div class=\"flex_column av_one_half  flex_column_div   avia-builder-el-8  el_after_av_one_half  avia-builder-el-last  column-top-margin\" ><section class=\"av_textblock_section \"  itemscope=\"itemscope\" itemtype=\"https:\/\/schema.org\/CreativeWork\" ><div class='avia_textblock  '   itemprop=\"text\" ><p style=\"text-align: justify;\"><strong>Plastov\u00e9 vn\u00fatorn\u00e9 parapety<\/strong><span style=\"color: #000000;\"> nie s\u00fa tak n\u00e1ro\u010dn\u00e9 na pou\u017eit\u00fd materi\u00e1l, d\u00f4le\u017eit\u00fd je typ, tvar vystu\u017eovac\u00edch kom\u00f4r, hr\u00fabka plastu a samozrejme kvalita ochrannej povrchovej f\u00f3lie, ktor\u00e1 dod\u00e1va pr\u00edjemn\u00fd vzh\u013ead a m\u00f4\u017ee imitova\u0165 r\u00f4zne typy materi\u00e1lov. Na\u0161a firma V\u00e1m pon\u00faka Kvalitn\u00e9 plastov\u00e9 parapety\u00a0dokonale odoln\u00e9 vo\u010di vode a v\u00e4\u010d\u0161ine dom\u00e1cej ch\u00e9mie.\u00a0<\/span><\/p>\n<\/div><\/section><\/div>\n","protected":false},"excerpt":{"rendered":"","protected":false},"author":3,"featured_media":0,"parent":469,"menu_order":6,"comment_status":"open","ping_status":"open","template":"","meta":{"footnotes":""},"yoast_head":"<!-- This site is optimized with the Yoast SEO plugin v22.2 - https:\/\/yoast.com\/wordpress\/plugins\/seo\/ -->\n<title>Doplnky - REGION TZB<\/title>\n<meta name=\"robots\" content=\"index, follow, max-snippet:-1, max-image-preview:large, max-video-preview:-1\" \/>\n<link rel=\"canonical\" href=\"https:\/\/regiontzb.sk\/?page_id=319\" \/>\n<meta property=\"og:locale\" content=\"sk_SK\" \/>\n<meta property=\"og:type\" content=\"article\" \/>\n<meta property=\"og:title\" content=\"Doplnky - REGION TZB\" \/>\n<meta property=\"og:url\" content=\"https:\/\/regiontzb.sk\/?page_id=319\" \/>\n<meta property=\"og:site_name\" content=\"REGION TZB\" \/>\n<meta property=\"article:modified_time\" content=\"2013-11-29T18:02:19+00:00\" \/>\n<meta name=\"twitter:card\" content=\"summary_large_image\" \/>\n<meta name=\"twitter:label1\" content=\"Predpokladan\u00fd \u010das \u010d\u00edtania\" \/>\n\t<meta name=\"twitter:data1\" content=\"2 min\u00faty\" \/>\n<script type=\"application\/ld+json\" class=\"yoast-schema-graph\">{\"@context\":\"https:\/\/schema.org\",\"@graph\":[{\"@type\":\"WebPage\",\"@id\":\"https:\/\/regiontzb.sk\/?page_id=319\",\"url\":\"https:\/\/regiontzb.sk\/?page_id=319\",\"name\":\"Doplnky - REGION TZB\",\"isPartOf\":{\"@id\":\"https:\/\/regiontzb.sk\/#website\"},\"datePublished\":\"2013-11-01T08:19:39+00:00\",\"dateModified\":\"2013-11-29T18:02:19+00:00\",\"breadcrumb\":{\"@id\":\"https:\/\/regiontzb.sk\/?page_id=319#breadcrumb\"},\"inLanguage\":\"sk-SK\",\"potentialAction\":[{\"@type\":\"ReadAction\",\"target\":[\"https:\/\/regiontzb.sk\/?page_id=319\"]}]},{\"@type\":\"BreadcrumbList\",\"@id\":\"https:\/\/regiontzb.sk\/?page_id=319#breadcrumb\",\"itemListElement\":[{\"@type\":\"ListItem\",\"position\":1,\"name\":\"Domovsk\u00e1 str\u00e1nka\",\"item\":\"https:\/\/regiontzb.sk\/\"},{\"@type\":\"ListItem\",\"position\":2,\"name\":\"Plastov\u00e9 okn\u00e1 a dvere\",\"item\":\"https:\/\/regiontzb.sk\/?page_id=469\"},{\"@type\":\"ListItem\",\"position\":3,\"name\":\"Doplnky\"}]},{\"@type\":\"WebSite\",\"@id\":\"https:\/\/regiontzb.sk\/#website\",\"url\":\"https:\/\/regiontzb.sk\/\",\"name\":\"REGION TZB\",\"description\":\"v\u0161etko pre va\u0161e spokojn\u00e9 b\u00fdvanie\",\"potentialAction\":[{\"@type\":\"SearchAction\",\"target\":{\"@type\":\"EntryPoint\",\"urlTemplate\":\"https:\/\/regiontzb.sk\/?s={search_term_string}\"},\"query-input\":\"required name=search_term_string\"}],\"inLanguage\":\"sk-SK\"}]}<\/script>\n<!-- \/ Yoast SEO plugin. -->","yoast_head_json":{"title":"Doplnky - REGION TZB","robots":{"index":"index","follow":"follow","max-snippet":"max-snippet:-1","max-image-preview":"max-image-preview:large","max-video-preview":"max-video-preview:-1"},"canonical":"https:\/\/regiontzb.sk\/?page_id=319","og_locale":"sk_SK","og_type":"article","og_title":"Doplnky - REGION TZB","og_url":"https:\/\/regiontzb.sk\/?page_id=319","og_site_name":"REGION TZB","article_modified_time":"2013-11-29T18:02:19+00:00","twitter_card":"summary_large_image","twitter_misc":{"Predpokladan\u00fd \u010das \u010d\u00edtania":"2 min\u00faty"},"schema":{"@context":"https:\/\/schema.org","@graph":[{"@type":"WebPage","@id":"https:\/\/regiontzb.sk\/?page_id=319","url":"https:\/\/regiontzb.sk\/?page_id=319","name":"Doplnky - REGION TZB","isPartOf":{"@id":"https:\/\/regiontzb.sk\/#website"},"datePublished":"2013-11-01T08:19:39+00:00","dateModified":"2013-11-29T18:02:19+00:00","breadcrumb":{"@id":"https:\/\/regiontzb.sk\/?page_id=319#breadcrumb"},"inLanguage":"sk-SK","potentialAction":[{"@type":"ReadAction","target":["https:\/\/regiontzb.sk\/?page_id=319"]}]},{"@type":"BreadcrumbList","@id":"https:\/\/regiontzb.sk\/?page_id=319#breadcrumb","itemListElement":[{"@type":"ListItem","position":1,"name":"Domovsk\u00e1 str\u00e1nka","item":"https:\/\/regiontzb.sk\/"},{"@type":"ListItem","position":2,"name":"Plastov\u00e9 okn\u00e1 a dvere","item":"https:\/\/regiontzb.sk\/?page_id=469"},{"@type":"ListItem","position":3,"name":"Doplnky"}]},{"@type":"WebSite","@id":"https:\/\/regiontzb.sk\/#website","url":"https:\/\/regiontzb.sk\/","name":"REGION TZB","description":"v\u0161etko pre va\u0161e spokojn\u00e9 b\u00fdvanie","potentialAction":[{"@type":"SearchAction","target":{"@type":"EntryPoint","urlTemplate":"https:\/\/regiontzb.sk\/?s={search_term_string}"},"query-input":"required name=search_term_string"}],"inLanguage":"sk-SK"}]}},"_links":{"self":[{"href":"https:\/\/regiontzb.sk\/index.php?rest_route=\/wp\/v2\/pages\/319"}],"collection":[{"href":"https:\/\/regiontzb.sk\/index.php?rest_route=\/wp\/v2\/pages"}],"about":[{"href":"https:\/\/regiontzb.sk\/index.php?rest_route=\/wp\/v2\/types\/page"}],"author":[{"embeddable":true,"href":"https:\/\/regiontzb.sk\/index.php?rest_route=\/wp\/v2\/users\/3"}],"replies":[{"embeddable":true,"href":"https:\/\/regiontzb.sk\/index.php?rest_route=%2Fwp%2Fv2%2Fcomments&post=319"}],"version-history":[{"count":10,"href":"https:\/\/regiontzb.sk\/index.php?rest_route=\/wp\/v2\/pages\/319\/revisions"}],"predecessor-version":[{"id":583,"href":"https:\/\/regiontzb.sk\/index.php?rest_route=\/wp\/v2\/pages\/319\/revisions\/583"}],"up":[{"embeddable":true,"href":"https:\/\/regiontzb.sk\/index.php?rest_route=\/wp\/v2\/pages\/469"}],"wp:attachment":[{"href":"https:\/\/regiontzb.sk\/index.php?rest_route=%2Fwp%2Fv2%2Fmedia&parent=319"}],"curies":[{"name":"wp","href":"https:\/\/api.w.org\/{rel}","templated":true}]}}